 394 = 2586. Let s = -58 + 128. Suppose p - 5*f - s = 0, p = 6*f - 2*f + 65. Calculate the remainder when p is divided by x.
5
Let c(m) = 4*m + 91. Let s(f) = 4*f**3 - f**2 - f + 1. Let i be s(1). Calculate the remainder when (-555)/(-10) + i/(-2) is divided by c(-18).
16
Suppose -2*t + 533 + 589 = 2*p, -2798 = -5*p + 2*t. Calculate the remainder when p is divided by 283.
277
Let w = -37 - -112. Let a = 432 - 409. What is the remainder when w is divided by a?
6
Let l = 5 - -64. Suppose 0*o = -4*o - 264. Let s = o - -101. What is the remainder when l is divided by s?
34
Suppose -5*c + 197 - 192 = 0, -c = -4*i - 289. Let l(r) = 2*r**2 + 139*r - 315. Calculate the remainder when l(i) is divided by 7/(1 - 0 - 0).
3
Calculate the remainder when 3 - -6*204/8 is divided by (-15)/((-60)/288 + 0).
12
Calculate the remainder when 1725 is divided by ((-6438)/259)/((-6)/28).
101
Suppose -6*p + p = -2*o + 36, -4*o = 5*p - 42. Let u(t) = -t**2 + 18*t + 71. Let s be u(22). What is the remainder when o is divided by s/(-2) - (-54)/(-36)?
6
Calculate the remainder when 254 is divided by (1739/235)/(1/5).
32
Let v be (-4 + 13 + -823)*2/(-4). Let q = v - 314. What is the remainder when q is divided by 31?
0
Let w = -391 + 391. Calculate the remainder when 113 is divided by 33 - (w + 28)/7.
26
Calculate the remainder when 2672 is divided by 53/((-212)/(-1232)) + 25.
8
Let z = -16598 + 17505. Calculate the remainder when 922 is divided by z.
15
Calculate the remainder when (-4)/5*((-4040)/5 - 2) is divided by 26.
24
Suppose 35*y - 41*y + 18 = 0. Suppose y*b = 2*p + 256, 0 = 5*b - 4*p - 229 - 195. Let x = b + -64. Calculate the remainder when 95 is divided by x.
23
Let k(h) = 6*h**2 - 2*h + 2. Calculate the remainder when (-11)/99 + 524/18 is divided by k(1).
5
Suppose d + 3*z - 36 = 0, d + 5*z = -4*d + 170. Suppose d*c - 2476 + 100 = 0. Suppose s = -s + 50. What is the remainder when c is divided by s?
22
Suppose 0 = 2*u + 4*m + 216 - 962, m = u - 379. Suppose -323 = -28*o + u. What is the remainder when 46 is divided by o?
21
Suppose w = z - 2, 3*w + 18 = -2*z + 42. Suppose 3*d - 31 = o + 25, 3*o - 22 = -d. What is the remainder when d is divided by z?
1
Let w be (-32)/10 + 20/(-25) + -2. Let t(n) = -11*n - 63. What is the remainder when 8 is divided by t(w)?
2
Let z = 37 - 37. Suppose 0 = -2*k - 3*k - 4*y + 49, z = -2*k - y + 22. Let u = 204 - 76. What is the remainder when u is divided by k?
11
What is the remainder when 36496 is divided by (-21)/(-24)*25 + 365/2920?
20
Suppose 12*b = 7*b - 1030. Let q = b + 260. Suppose -l + 4 = -3. What is the remainder when q is divided by l?
5
What is the remainder when 1095 is divided by ((-10317)/1448)/((-9)/48)?
31
Let r = 47799 - 47780. What is the remainder when 1/(-3) + (-758)/(-6) is divided by r?
12
Let d = 174 - 172. Suppose 0 = -d*a - 5*n + 24, -2*n + 30 = 2*a - 0*n. What is the remainder when 116 is divided by a?
14
Let y = -51 - -105. Let g(u) = 2*u - 2. Suppose 3*z - s = 28, -6*s + s - 20 = 0. What is the remainder when y is divided by g(z)?
12
Suppose -4*l + 190*l - 111228 = 0. What is the remainder when l is divided by 191?
25
Let n = 14840 + -14535. What is the remainder when n is divided by (0 + -77)/(2 + -3)?
74
Let x be (1524/14)/(68/238). Suppose 56*m = 459 + x. Calculate the remainder when 48 is divided by m.
3
Let n = -190 - -190. Let r(i) = -28*i + 78. Suppose -3*g = -4*g + 16. Calculate the remainder when r(n) is divided by g.
14
What is the remainder when -14*((-8)/3 + 0)/(117/1404) is divided by 36?
16
Suppose -4*n + 894 = -a, 5*a - 3*a + 4 = 0. Let z = -114 + n. What is the remainder when z is divided by 16?
13
Let o(z) = 43*z - 76. Calculate the remainder when 257 is divided by o(2).
7
Let q(s) = s**3 + 4*s**2 - 5*s + 11. Let m = -145 + 140. What is the remainder when 52 is divided by q(m)?
8
Let t(b) = 20*b - 38. Let d(u) = 6*u + 11. Let y = -8 + 13. What is the remainder when d(y) is divided by t(3)?
19
Let j be 23300/36 + (-4)/18. Let d = j + -343. Let n = 3936 - 3885. What is the remainder when d is divided by n?
49
Suppose 13744*x - 13738*x - 36 = 0. Suppose 0 = -w - 3*w + 304. Suppose -8*m + w = -x*m. What is the remainder when 151 is divided by m?
37
Calculate the remainder when 782 is divided by (-12 + 20 + -23)/(-1).
2
Let b = 474 + -358. Suppose 8*s - 384 = 6*s. Suppose 2*x - 26 = 5*t - 223, -5*t = 3*x - s. What is the remainder when b is divided by t?
38
Let o be (-2 - (-5)/(105/(-112)))*-33. Suppose 5*u + z = o, 4*u - 2*z = 99 + 89. What is the remainder when u is divided by 40?
8
Suppose -113*d + 56*d + 56*d + 1710 = 0. What is the remainder when d is divided by 44?
38
Let q = -13631 + 13650. Let i be (-8)/(-12) + 3140/6. Suppose n - i = -3*n. Calculate the remainder when n is divided by q.
17
Suppose -2341*m + 2303*m = -114. Calculate the remainder when 118 is divided by m.
1
Suppose 0 = -34*m + 76968 + 21462. What is the remainder when m is divided by 241?
3
Suppose 0 = 2*f - 24. Suppose a = 5*a - 4*q - 452, -5*q - 10 = 0. Suppose 0*s = 3*s + 3*t - a, 5*s - t = 173. What is the remainder when s is divided by f?
11
Let n(x) = 6*x**2 + 68*x + 326. Calculate the remainder when n(-8) is divided by 148.
18
Suppose 143 = 5*n + 28. Suppose 721 = -77*g + 84*g. Suppose -5*t - g + 1117 = 3*j, 2*t + 3*j = 402. Calculate the remainder when t is divided by n.
20
Suppose 0 = 15*q - 12 - 18. Suppose u = 15 - q. Calculate the remainder when 74 is divided by u.
9
Let k(x) = -x**2 - 437*x - 29528. Suppose 0 = 3*n - 99. What is the remainder when k(-353) is divided by n?
25
Let w(a) = a**2 + 21*a - 2. Let m be w(-12). Let y = m + 205. Let p = y - 60. What is the remainder when p is divided by 13?
9
Let k be ((-442)/4)/(39/6 + -6). Let g = -183 - k. What is the remainder when g is divided by 9?
2
Suppose 4*z + 22 = 2*k - 0*z, 0 = -4*k - 3*z + 11. Let s = k + 31. Calculate the remainder when 14 is divided by (-6)/(s/(-8) + 3).
2
Suppose 135 = 2*h + 3*h - k, 5*k - 105 = -5*h. Suppose -h*g + 25*g + 49 = 0. What is the remainder when g is divided by 4?
1
What is the remainder when ((-6290)/(5 - 0))/(14 + -16) is divided by 73?
45
Let d = -685 - -763. Calculate the remainder when 1403 is divided by d.
77
Suppose 4*a + 4*z - 72 = 0, -5*z + 29 = -5*a + 79. Calculate the remainder when 67 is divided by a.
11
Let r(u) = -u**3 + 7*u**2 + 3*u - 14. Let v = 52 + -84. Let o be 3/4 - 168/v. Calculate the remainder when r(o) is divided by 15.
10
Let y = -7 + 10. Suppose 5*g - 3*k + 21 = 6*g, -3*g = 4*k - 48. Calculate the remainder when ((-10)/15 + (-21)/(-18))*g is divided by y.
0
Let p = 41 - 24. Let x be 2/2 - (1 - 2). Calculate the remainder when (384/(-448))/(x/(-154)) is divided by p.
15
Let m be (-5)/3 + 8/3 - -1. Suppose 0 = m*o - 115 - 9. What is the remainder when 430 is divided by o?
58
Suppose -92*s + 971 - 327 = 0. What is the remainder when 1614 is divided by s?
4
Suppose v + 185 - 462 = 0. Let m = -18917 + 18957. Calculate the remainder when v is divided by m.
37
Suppose -25 + 28 = x. Suppose -3 + 12 = -x*i + 3*f, 3*f = 2*i + 11. Calculate the remainder when 24 is divided by i/(-4) + 0 + 27/2.
11
Suppose -5*m + 70 = 5*u, -5*m + 28 = -3*u + 94. What is the remainder when 676 is divided by u?
13
Let q = -3631 + 3980. What is the remainder when q is divided by 208?
141
Let j(h) = h**2 - 10*h + 2. Suppose 28 = -3*a - 4*z, 4*a + 2 = 3*z - 2. Let u be (a*(-5)/(-30))/(4/(-66)). What is the remainder when 35 is divided by j(u)?
9
Suppose 3071*t + 345 = 3111*t - 335. Suppose b - 2*b + 286 = 0. What is the remainder when b is divided by t?
14
Let l = 4141 - 4000. What is the remainder when l is divided by 133?
8
What is the remainder when ((-196)/12 - 3)/((-14)/21) is divided by 16?
13
Let w = 1190 - 1178. Calculate the remainder when 165 is divided by w.
9
Suppose -5*d + 5*t = -d - 1140, 0 = 3*d + 2*t - 855. Let p = 6750 + -6714. Calculate the remainder when d is divided by p.
33
Let f(u) = u**3 - 10*u**2 - 26*u + 21. Let c be f(12). Let j(y) = 5*y**2 + 8*y. What is the remainder when j(c) is divided by 4/20 - 87/(-15)?
3
Let q(m) = -3*m. Suppose 0*d + 3*d = -2*z - 48, -5*z - 74 = -4*d. Let v = -24 - z. What is the remainder when q(v) is divided by 10?
8
Let z(s) = 7*s**2 - 154*s - 288. Calculate the rema